 6426 and 2133.
27
Calculate the highest common factor of 3 and 6214.
1
What is the greatest common divisor of 48639 and 1023?
93
Calculate the greatest common factor of 2266 and 26368.
206
Calculate the highest common factor of 2096 and 18949936.
2096
What is the highest common factor of 17259 and 671?
11
What is the highest common factor of 2268 and 10332?
252
Calculate the greatest common divisor of 93 and 506261.
31
What is the highest common divisor of 44667 and 2331?
63
What is the greatest common factor of 8463 and 10699?
13
Calculate the greatest common divisor of 2168144 and 254.
254
What is the greatest common factor of 1893 and 2731599?
1893
What is the highest common divisor of 356643 and 31968?
999
Calculate the highest common factor of 43626 and 2178.
66
Calculate the highest common factor of 851848 and 1398.
466
Calculate the highest common divisor of 17969 and 52699.
151
What is the highest common divisor of 624 and 15492?
12
Calculate the greatest common factor of 2918454 and 22.
22
What is the highest common divisor of 696 and 776301?
87
Calculate the greatest common factor of 935 and 115753.
187
Calculate the highest common divisor of 13 and 200993.
13
What is the greatest common divisor of 4 and 13646?
2
Calculate the greatest common factor of 551185 and 5.
5
What is the greatest common divisor of 3966716 and 104?
52
Calculate the greatest common factor of 584 and 83731.
73
Calculate the greatest common divisor of 644 and 5.
1
What is the highest common factor of 168891 and 3?
3
What is the greatest common factor of 48 and 16287?
3
Calculate the highest common factor of 131328 and 25137.
513
Calculate the highest common factor of 456 and 174534.
114
What is the highest common factor of 10197 and 45?
9
What is the greatest common divisor of 4335 and 11730?
255
Calculate the highest common factor of 136916 and 52.
52
What is the greatest common divisor of 1127 and 4900?
49
What is the highest common factor of 63464 and 56?
8
What is the greatest common divisor of 19 and 269667?
19
Calculate the highest common divisor of 1696 and 96608.
32
What is the greatest common divisor of 1569 and 119767?
523
Calculate the greatest common divisor of 35763 and 65631.
393
What is the highest common factor of 24 and 3633072?
24
What is the greatest common divisor of 1817 and 20539?
23
What is the highest common factor of 940 and 12784?
188
What is the greatest common factor of 6789 and 25842?
219
What is the highest common factor of 13 and 3778073?
13
What is the highest common factor of 11364 and 96?
12
What is the greatest common divisor of 535 and 1495?
5
What is the highest common divisor of 3042 and 165906?
234
What is the highest common divisor of 8606 and 78?
26
Calculate the highest common factor of 48 and 876.
12
What is the greatest common divisor of 55 and 190289?
11
Calculate the greatest common factor of 1057124 and 8.
4
Calculate the highest common factor of 1440 and 88200.
360
What is the highest common divisor of 296 and 7363?
37
What is the highest common factor of 80342 and 170?
34
Calculate the highest common divisor of 450 and 349150.
50
What is the highest common factor of 90 and 739590?
30
What is the highest common factor of 96 and 185280?
96
Calculate the highest common divisor of 109600 and 2000.
400
What is the greatest common divisor of 10586 and 3792?
158
What is the greatest common factor of 123 and 9687?
3
What is the highest common divisor of 106579 and 88?
11
What is the greatest common factor of 8806 and 459?
17
Calculate the greatest common factor of 2193 and 6652100.
731
Calculate the highest common factor of 1737 and 12352.
193
Calculate the highest common divisor of 1416085 and 30.
5
What is the highest common factor of 80 and 3460?
20
Calculate the greatest common factor of 5512 and 1406938.
1378
What is the greatest common factor of 612 and 36142?
34
What is the greatest common divisor of 115132 and 3852?
428
Calculate the greatest common factor of 221226 and 18.
6
Calculate the greatest common divisor of 211094 and 598.
598
Calculate the greatest common divisor of 15871 and 59.
59
Calculate the greatest common divisor of 486 and 1230.
6
What is the highest common divisor of 6877521 and 189?
189
Calculate the greatest common divisor of 105 and 87915.
15
What is the greatest common divisor of 29872 and 176?
16
Calculate the highest common factor of 22736 and 237307.
1421
Calculate the highest common factor of 21248 and 22784.
256
What is the highest common factor of 48 and 79218?
6
Calculate the highest common divisor of 17524 and 6032.
52
What is the greatest common factor of 37 and 74962?
37
What is the highest common divisor of 69224 and 136?
136
What is the greatest common factor of 110 and 2092904?
22
Calculate the greatest common divisor of 3192 and 38360.
56
What is the greatest common divisor of 15192 and 54?
18
What is the greatest common factor of 75898 and 1662?
554
Calculate the greatest common divisor of 8704 and 459.
17
Calculate the greatest common factor of 37268 and 756.
28
Calculate the greatest common factor of 999232 and 3328.
832
What is the highest common factor of 3060 and 8460?
180
What is the highest common divisor of 1845705 and 435?
435
Calculate the highest common divisor of 581742 and 756.
378
What is the highest common divisor of 31 and 166997?
31
What is the highest common divisor of 39 and 38207?
13
Calculate the greatest common factor of 4 and 1470328.
4
Calculate the greatest common divisor of 21920 and 2466.
274
Calculate the highest common divisor of 27489 and 165.
33
What is the greatest common factor of 4256 and 931?
133
Calculate the highest common factor of 1330 and 13160.
70
What is the greatest common factor of 45 and 19425?
15
Calculate the highest common factor of 6399432 and 351.
351
What is the greatest common divisor of 341473 and 814?
407
Calculate the highest common divisor of 79595 and 5.
5
Calculate the greatest common divisor of 2990 and 20150.
130
What is the highest common factor of 470 and 457545?
235
Calculate the greatest common divisor of 339 and 8249.
113
Calculate the greatest common factor of 15865 and 19.
19
Calculate the greatest common factor of 90 and 526500.
90
Calculate the highest common divisor of 7044 and 2172.
12
What is the highest common divisor of 1843040 and 160?
160
Calculate the highest common divisor of 121395 and 210.
15
Calculate the greatest common factor of 2624 and 7744.
64
What is the highest common factor of 12 and 178028?
4
Calculate the greatest common divisor of 1584592 and 4.
4
What is the highest common factor of 97625 and 7029?
781
What is the greatest common divisor of 51917 and 4053?
193
What is the greatest common divisor of 25976 and 52716?
764
Calculate the greatest common divisor of 56200 and 200.
200
What is the highest common factor of 327 and 2061517?
109
Calculate the greatest common divisor of 52629 and 636.
159
What is the highest common divisor of 532342 and 114?
38
What is the highest common factor of 695654 and 86?
86
Calculate the greatest common factor of 760 and 32710400.
760
What is the highest common factor of 501515 and 230?
115
Calculate the highest common divisor of 117657 and 144.
9
What is the greatest common factor of 28086 and 40317?
453
What is the greatest common divisor of 2100 and 390?
30
Calculate the greatest common divisor of 1260 and 32418.
18
What is the highest common divisor of 1898017 and 4796?
1199
What is the highest common divisor of 902 and 2519?
11
Calculate the greatest common factor of 31735 and 110.
55
What is the greatest common factor of 879624 and 3420?
684
What is the greatest common factor of 6 and 103125?
3
What is the highest common factor of 8 and 155752?
8
What is the greatest common divisor of 453 and 4515202?
151
Calculate the greatest common factor of 380445 and 1495.
65
Calculate the highest common divisor of 2 and 54598.
2
What is the highest common factor of 45 and 93795?
15
What is the highest common divisor of 8680704 and 89?
89
What is the highest common factor of 38636 and 884?
52
Calculate the highest common factor of 400 and 305850.
50
What is the highest common factor of 10461 and 165?
33
Calculate the greatest common divisor of 9366 and 28.